{"id":1160,"date":"2014-08-14T20:52:23","date_gmt":"2014-08-14T18:52:23","guid":{"rendered":"http:\/\/www.schle-photography.de\/?page_id=1160"},"modified":"2014-08-14T21:04:58","modified_gmt":"2014-08-14T19:04:58","slug":"12-08-2014-brand-einer-lagerhalle","status":"publish","type":"page","link":"http:\/\/www.schle-photography.de\/?page_id=1160","title":{"rendered":"12.08.2014 Brand einer Lagerhalle"},"content":{"rendered":"<p>Bericht der Berufsfeuerwehr N\u00fcrnberg zum Brand einer Lagerhalle in der Brunecker Str. in N\u00fcrnberg.<\/p>\n<p>Eingesetzte Kr\u00e4fte der Berufsfeuerwehr FW-1&amp;2 jeweils mit ELW, FW-3 1x L\u00f6schfahrzeug FW-4 2x L\u00f6schfahrzeug, 1x Drehleiter, 1x Klaf*, 1x Ger\u00e4tewagen Atemschutz\/Wasserrettung, 1x Tankl\u00f6schfahrzeug, FW-5 1x L\u00f6schfahrzeug, 1x Drehleiter, 1x Klaf* \u00a0 \u00a0 \u00a0 \u00a0 *Kleinalarmfahrzeug<\/p>\n<p>Freiwillige Feuerwehr Gartenstadt: 2x L\u00f6schfahrzeug 1x Mannschaftstransportfahrzeug<\/p>\n<p>Bericht:<\/p>\n<p>Um kurz nach 20 Uhr wurde die Feuerwehr N\u00fcrnberg zu einem Lagerhallenbrand gerufen.<\/p>\n<p>Entgegen ersten Meldungen brannte nicht die ganze Lagerhalle, nur ein kleiner Teil von ca. 80m\u00b2 war betroffen. Obwohl es bereits vor dem Eintreffen der Kr\u00e4fte zu einem Teileinsturz des Daches kam, konnten die zwei alarmierten L\u00f6schz\u00fcge der Berufsfeuerwehr und die Freiwillige Feuerwehr Gartenstadt das Feuer in der Brunecker Stra\u00dfe schnell l\u00f6schen.<\/p>\n<p>Die Polizei ermittelt die Brandursache, zur H\u00f6he des Schadens k\u00f6nnen noch keine Angaben gemacht werden.<\/p>\nngg_shortcode_0_placeholder\n","protected":false},"excerpt":{"rendered":"<p>Bericht der Berufsfeuerwehr N\u00fcrnberg zum Brand einer Lagerhalle in der Brunecker Str. in N\u00fcrnberg. Eingesetzte Kr\u00e4fte der Berufsfeuerwehr FW-1&amp;2 jeweils mit ELW, FW-3 1x L\u00f6schfahrzeug FW-4 2x L\u00f6schfahrzeug, 1x Drehleiter, 1x Klaf*, 1x Ger\u00e4tewagen Atemschutz\/Wasserrettung, 1x Tankl\u00f6schfahrzeug, FW-5 1x L\u00f6schfahrzeug, &hellip; <a href=\"http:\/\/www.schle-photography.de\/?page_id=1160\">Weiterlesen <span class=\"meta-nav\">&rarr;<\/span><\/a><\/p>\n","protected":false},"author":4,"featured_media":0,"parent":178,"menu_order":0,"comment_status":"closed","ping_status":"open","template":"","meta":{"ngg_post_thumbnail":0,"jetpack_post_was_ever_published":false,"footnotes":""},"class_list":["post-1160","page","type-page","status-publish","hentry"],"jetpack_sharing_enabled":true,"jetpack_shortlink":"https:\/\/wp.me\/P2T4lD-iI","_links":{"self":[{"href":"http:\/\/www.schle-photography.de\/index.php?rest_route=\/wp\/v2\/pages\/1160","targetHints":{"allow":["GET"]}}],"collection":[{"href":"http:\/\/www.schle-photography.de\/index.php?rest_route=\/wp\/v2\/pages"}],"about":[{"href":"http:\/\/www.schle-photography.de\/index.php?rest_route=\/wp\/v2\/types\/page"}],"author":[{"embeddable":true,"href":"http:\/\/www.schle-photography.de\/index.php?rest_route=\/wp\/v2\/users\/4"}],"replies":[{"embeddable":true,"href":"http:\/\/www.schle-photography.de\/index.php?rest_route=%2Fwp%2Fv2%2Fcomments&post=1160"}],"version-history":[{"count":5,"href":"http:\/\/www.schle-photography.de\/index.php?rest_route=\/wp\/v2\/pages\/1160\/revisions"}],"predecessor-version":[{"id":1183,"href":"http:\/\/www.schle-photography.de\/index.php?rest_route=\/wp\/v2\/pages\/1160\/revisions\/1183"}],"up":[{"embeddable":true,"href":"http:\/\/www.schle-photography.de\/index.php?rest_route=\/wp\/v2\/pages\/178"}],"wp:attachment":[{"href":"http:\/\/www.schle-photography.de\/index.php?rest_route=%2Fwp%2Fv2%2Fmedia&parent=1160"}],"curies":[{"name":"wp","href":"https:\/\/api.w.org\/{rel}","templated":true}]}}